+ 40. Let k = t - 1. Let u(c) = 49*c + 8. Is u(k) a composite number?
False
Suppose -13*i + 631*i - 199241576 - 146628922 = 0. Is i prime?
False
Suppose 7 + 8 = -5*o, -3*o = 4*s - 295. Let d = s + -42. Suppose 299 = 35*z - d*z. Is z a prime number?
False
Let o = 2190627 - 1191358. Is o composite?
False
Suppose -d + 3*m = -333, m - 349 = -4*d + 3*d. Suppose -d = -5*i - j, 4*i - 2*j = -11 + 273. Suppose 5*g - i = 27. Is g prime?
True
Let g = 175 + -670. Is (g/10)/(-9)*(960 + -2) a prime number?
False
Let l = 229 - 170. Suppose -l*c + 47*c + 41868 = 0. Is c prime?
False
Suppose -95*v = -82*v. Suppose v = -7*i + 8428 + 31815. Is i prime?
True
Let l(r) = -460*r**2 - 9*r - 5. Let t be l(-2). Let u = 11846 + t. Is u a prime number?
False
Suppose 369817 = -52*q + 1208421. Is q prime?
True
Let i = -140 - -142. Is ((-24)/(-30))/(i/5) - -125 composite?
False
Let y(h) = h**3 - 2*h**2 + h - 2. Let j be y(2). Suppose j = o - 0*o - 17. Suppose -16*x + o*x - 123 = 0. Is x prime?
False
Let q(z) = 4*z**3 - 23*z**2 - 5*z - 9. Suppose -12*c - 30 = -114. Is q(c) a composite number?
True
Suppose -4*s + 5116 = -5*n + 23339, 0 = s + 2. Let m = n + -682. Let x = -2050 + m. Is x a composite number?
False
Let o(h) = 7*h - 7. Let j(r) = -6*r + 8. Let g(l) = -2*j(l) - 3*o(l). Let w be g(2). Let k(m) = -8*m - 7. Is k(w) a prime number?
True
Let v be ((-27)/(-18))/((-6)/(-8)). Suppose -5*d = 3*x - 38804, -v = 2*x - 8. Suppose -d = -5*o - 2184. Is o prime?
False
Let x = 95 - 1965. Let h = x + 2860. Let v = h - 193. Is v prime?
True
Suppose -8406 = 4*m - 97019 - 58055. Is m a prime number?
False
Suppose 30*x = 11*x + 391533. Is x prime?
False
Suppose 5*c = 19 - 79. Is 2*(-2)/(c/9411) prime?
True
Suppose -153*g = -13*g - 21223993 - 14137347. Is g composite?
True
Suppose -3 = w + 5, -2*m - 4*w = -84054. Is m prime?
True
Let p(a) = -4*a**2 - 74*a + 15. Let m be p(-18). Is (-3011)/(9/36 - m/156) prime?
False
Let i(g) = -11*g + 2. Let u be i(0). Is u/((-21547)/(-4309) + -5) a prime number?
False
Is 273889/22 - (4/8 + -2) composite?
False
Let r = 14340 + -1279. Is r a composite number?
True
Let y(n) = 118*n**2 - 75*n - 31. Is y(18) a composite number?
True
Let w be -1310 + 56/(4 + 3). Let j = w - -4505. Is j composite?
False
Let u be (-2 + 7)*(-6 - -3). Let x be (u/(-10) - 6/(-4))*59. Suppose -2*f = 3*f - 3*k - 173, -5*f + 2*k + x = 0. Is f a composite number?
False
Let z(k) = -6808*k - 607. Is z(-33) prime?
True
Suppose -16*l + 19*l - 12 = 0, 5*w - 5*l + 9220 = 0. Is 1 - w - -1 - -5 a prime number?
True
Let k(x) = -x**2 - 7*x - 1. Let p be k(-6). Suppose 17 = 6*v - p*v + 5*r, r + 7 = 5*v. Suppose -4*d - 773 + 2363 = a, 804 = v*d + 5*a. Is d prime?
True
Let a be (403092/54)/((-3)/(-9)). Let l = -10441 + a. Is l composite?
False
Let p(u) = -35*u**3 - 10*u**2 - 19*u - 103. Is p(-11) prime?
True
Suppose -m + 3*m = 0. Let l(p) = p**2 + 521 - 104*p + 33*p + 73*p. Is l(m) a composite number?
False
Is (-44742)/(4/(-3)*(-17)/(-340)) + 3 composite?
True
Let n(w) = 41*w**2 - w + 4. Let i be n(-3). Let x = -5628 - -5731. Let q = x + i. Is q a composite number?
False
Suppose -3*p + 5911 + 38480 = 0. Suppose -2*l + p = 5*t, 8*t = 6*t - 10. Is l composite?
False
Let j be ((-222)/3)/2 + -1. Let f(p) = 8*p**2 + 87*p - 177. Is f(j) a composite number?
False
Is (-231)/(-25 - -14) + 488161 a prime number?
False
Is 1148257/165 + 6/(-90)*2 prime?
True
Let j(x) be the third derivative of x**6/180 + x**5/30 - 7*x**4/12 - x**3/2 + 4*x**2. Let k(y) be the first derivative of j(y). Is k(6) prime?
False
Suppose -5*m + 2 = 3*i, 0 = 4*i + i + 2*m - 16. Let x be (0 + 4 - 4)/i. Is (16 - 17)/((-2)/298 - x) a composite number?
False
Let u(q) = 22*q**3 + 5*q**2 + 17*q + 21. Is u(10) a composite number?
False
Let l = 73259 - 37428. Is l a prime number?
True
Suppose -2*q = 4*b - 8, 2*q + 4*b = 9*b - 1. Suppose -3*k - w = q*w - 9603, -3*w - 16021 = -5*k. Is k prime?
True
Is (19 - (20 + -180570)) + (2/2 - -1) prime?
False
Let s(x) = -102949*x + 945. Is s(-4) a composite number?
True
Suppose -18475752 = -100*j + 19820348. Is j prime?
True
Let d be (-2)/(-6) - (-828)/108. Suppose -d*b + 982 + 626 = 0. Is b a prime number?
False
Suppose 56*o - 4375187 - 4894269 = 0. Is o prime?
False
Suppose 8800 = z + 3*y, -5*z + 44108 = -37*y + 34*y. Is z a prime number?
False
Suppose -5*l = 5*v - 255, 0 = -l + 4*l + 5*v - 145. Let m = 54 - l. Is ((-1336)/5)/(-4) + m/(-5) composite?
False
Suppose 2*d - 68616 = -4*d. Suppose 0 = 9*s - d - 36795. Is s composite?
True
Suppose -3*l + 6*l + 4*b = -22, -5*l - 5*b = 40. Suppose -2*n + 38 = -2*m, 0*m + 2*m = 4*n - 78. Let c = l + n. Is c prime?
False
Let v = -138068 + 291625. Is v prime?
True
Let t(y) = -y**3 + 50*y**2 + 142*y + 128. Is t(-51) a composite number?
False
Let x be 18/(-12)*(-80)/(-15). Is 6430/2 - (0/1)/x a prime number?
False
Let n be (0*(2 + -3))/(-2 - -1). Suppose q - 8 - 6 = n. Let g(w) = -w**2 + 14*w + 25. Is g(q) a composite number?
True
Suppose 5219 = 20*h - 2921. Suppose -3*j = -38 - 160. Suppose j*f = 67*f - h. Is f a composite number?
True
Suppose 0 = 4*n - 5*n + 1242. Let w = n + -868. Suppose 0 = -3*u + u - 2*f + w, 2*u = 2*f + 390. Is u a composite number?
False
Let d(r) = -128*r**2 + 6*r + 20. Let s(w) = -128*w**2 + 6*w + 21. Let v(x) = 5*d(x) - 4*s(x). Let u be v(-2). Is (65/(-10) - -5)*u/6 composite?
False
Suppose -44*b + 17668301 = 60*b - 723995. Is b a prime number?
True
Let u = -339 - -279. Is ((-15)/u)/((-3)/(-155436)) a composite number?
False
Suppose -152653 = -10*a + 35753 + 92724. Is a a prime number?
False
Suppose -5*w + 6555 = -2*b, 0*w = 5*w - 3*b - 6550. Let l = w - 634. Is l prime?
False
Let z be (-210)/60*2/(-7). Let a(c) = 1 + 505*c**3 - 225*c**3 + 240*c**3. Is a(z) a prime number?
True
Let a(j) = 15*j**3 - 16*j**2 + 3*j - 19. Let v be ((-36)/(-6))/((-8)/6 - -2). Is a(v) composite?
True
Let v(a) = -7*a**2 - a + 0*a**2 + 9 + 2*a - 8*a + 5*a**3. Let u be v(8). Let w = u - 1316. Is w composite?
True
Let w(z) = z**3 + 29*z**2 - 71*z - 29. Let j be w(-29). Let t = -439 + j. Is t prime?
False
Suppose 4*t - 86 - 1842 = 0. Suppose -6*a + 2325 = -3*a. Let o = a - t. Is o a prime number?
True
Suppose 2*u - 13 + 13 = 0. Let q be u + 5 + 123 + 2. Suppose q + 384 = y. Is y prime?
False
Let u = -407 + 407. Suppose 5*t - 26583 = -4*x, 4*t - 4*x - 21252 = -u*x. Is t composite?
True
Let z = 775 - -1036. Suppose -d - 4*q = 4*d - z, 3*d - 4*q - 1093 = 0. Suppose 0 = -3*n + d + 210. Is n a composite number?
False
Suppose 6*p = -2*i + 3*p + 23458, 2*i + 4*p - 23458 = 0. Suppose -10900 - i = -3*h. Is h composite?
True
Let t(y) be the first derivative of 13/2*y**2 + 27 + 25*y + 2/3*y**3. Is t(-6) composite?
False
Let w(d) = d - 7. Let g be w(9). Suppose g*t - 75 = -3*t. Is 625/2 + t/(-10) a prime number?
True
Let i = 1326 + -1334. Let v(u) = 7*u - 35 - 76*u - 12*u. Is v(i) a composite number?
False
Let g = -1226 + 1227. Let l(s) = -s**3 - 6*s**2 - 2*s - 8. Let m be l(-6). Is (m/g)/(-2)*3369/(-6) composite?
False
Let v be 25/5 + (2 - 8) + 4. Suppose 4973 = 3*x - 2*t, -v*x - 5*t = -2372 - 2594. Is x composite?
False
Suppose -3*a + 3*m = -0*m - 26343, -2*a + 3*m + 17566 = 0. Let c = a - 4834. Is c prime?
True
Suppose 3*g + 5*g - 4088 = 0. Let r = 4124 - g. Is r composite?
False
Suppose -2*q - 2*b = -0*q + 8, -3*b = 2*q + 8. Let y be 99/21 - q/14. Suppose 0*k - 609 = -k - z, -2*z = y*k - 3057. Is k a composite number?
False
Let q(a) = 10054*a**2 - 420*a - 4415. Is q(-10) a composite number?
True
Let j be 3 - (0 - -2) - -3745. Let d = -1864 + j. Let m = d - 1181. Is m a composite number?
False
Suppose 5*v + g - 35 = 0, 2*v + 5*g - 14 = 23. Is 711 + v + 6 + -6 a prime number?
False
Let h(v) = 46*v**2 + 1119*v - 115. Is h(-66) a composite number?
True
Suppose p - 118 = 131. Suppose 18295 = 254*m - p*m. Is m a prime number?
True
Let p(t) = t**2 - 4*t + 8. Let y be p(3). Suppose 3*k - 899 = 5*q, -294 = -k + q - 5*q. Suppose -y*o + k = -3037. Is o a composite number?
True
Is 42 + -32 + 1 + 9186 a prime number?
False
Let y = -22729 - -32336. Is y a composite number?
True
Suppose 53326*p - 53327*p = -1583899. Is p composite?
False
Is 3/5 - 676415*16/(-100) a prime number?
False
Let s be -2*(-7 + 17724/(-8)). Suppose -m + 3*t + 2752 = 0, 3*m - 2752 = 2*m - 4*t. Let c = s - m. Is c